mon factor of a and n.
1
Let m(a) = -a + 1. Let f be m(5). Let r(o) = o**3 + 7*o**2 + 6*o. Let u be r(f). What is the greatest common factor of u and 36?
12
Let q(w) = 11*w + 1. Let m be q(1). Calculate the greatest common factor of m and 12.
12
Let f = 49 + -37. Calculate the greatest common divisor of f and 9.
3
Suppose k = -r + 1, 0 = k + 2*r - 5*r - 5. Let q = k - 1. Calculate the highest common divisor of 3 and q.
1
Let x(q) be the first derivative of q**4/4 - 5*q**3/3 + 5*q**2/2 - 1. Let t be x(6). What is the highest common divisor of 6 and t?
6
Suppose 16 - 40 = -w. What is the greatest common factor of 72 and w?
24
Let t = 175 + -162. What is the highest common factor of t and 91?
13
Let p be (-2)/(-4) - (-79)/2. Let l = 38 + -28. What is the greatest common divisor of l and p?
10
Suppose g - 76 = -g. Let p(d) = -4*d + 3. Let t be p(-4). What is the highest common divisor of t and g?
19
Let v = 10 - -4. Let t = v + -20. Let k(m) = m**3 + 6*m**2 - 5*m - 6. Let x be k(t). Calculate the greatest common factor of x and 12.
12
Suppose -2*v - 4 + 8 = 0. Let w be 4/((-4)/(-3)) - -5. What is the greatest common factor of v and w?
2
Suppose -3*u + 1 + 5 = 0. Let t = -107 + 121. Calculate the highest common divisor of t and u.
2
Let t = -7 + 103. What is the highest common divisor of t and 12?
12
Let r = 3 + -6. Let y be r/(-4) + 685/20. Suppose 0 = 5*x + 5 - y. Calculate the highest common divisor of 66 and x.
6
Suppose -4 = -3*g + 4*a + 84, -93 = -3*g + 3*a. Let x be (-2)/(-4) - 17/(-2). Calculate the highest common factor of x and g.
9
Let b be 100*(6 - 4/8). Calculate the highest common divisor of 50 and b.
50
Let a be 34/((-6)/3)*-1. Suppose -2*g + a = -g. Let z be 51/9*-1*-21. Calculate the greatest common factor of z and g.
17
Let q = 3 - -45. Calculate the greatest common factor of 24 and q.
24
Suppose -24 = 2*f - 5*f. Suppose -k + f = -7. Calculate the greatest common factor of k and 15.
15
Suppose 2*h = h + 3*o + 19, -2*o - 78 = -3*h. Calculate the greatest common divisor of 42 and h.
14
Let d(h) = h**2 - 3*h - 9. Let a be d(-9). Calculate the greatest common divisor of a and 9.
9
Suppose -2*d - 20 + 2 = 0. Let u be 6/d - (-20)/3. Suppose u = 3*k - 15. Calculate the greatest common factor of k and 63.
7
Let s be 12/(39/45 - 1). Let g be (s + 6)*2/(-3). Let c be ((1 + 6)*1)/1. Calculate the highest common divisor of g and c.
7
Let c = 43 - 29. Calculate the greatest common divisor of c and 154.
14
Let u(f) = -f**2 + 5*f - 2. Let n be u(4). Let k be (34 - (0 - n)) + 0. What is the highest common divisor of 4 and k?
4
Let b = -11 - -29. Let a be -8*((-5)/2 - -2). Suppose a*s + 3*d = 23, 0 = 5*s - 3*d + 4 + 1. What is the greatest common divisor of s and b?
2
Suppose 0 = q - 2*q + 53. Suppose k + 5*o = 2*o + 27, 3*k = 5*o + q. Let c be (-2)/(-8) + 502/8. Calculate the greatest common factor of k and c.
21
Let a be 12 + -12 - (-1 - 1). What is the highest common divisor of a and 2?
2
Let i be 6/(-21) + 2/7. Suppose -70 = -i*g - g. Suppose -n = -3*t + g, 0 = -t - 2*n + 41 - 13. What is the highest common divisor of 16 and t?
8
Suppose 6*r - 567 - 555 = 0. Calculate the highest common divisor of r and 17.
17
Let h(y) = -y**2 - 11*y + 10. Let z be h(-11). Calculate the highest common divisor of z and 20.
10
Suppose -5*w + w = -20. Let d(j) = 0*j + 0*j + 3*j**2 - 2 + 3*j. Let s be d(w). Calculate the highest common factor of 8 and s.
8
Let s be (-1)/(((-18)/231)/6). What is the greatest common divisor of 7 and s?
7
Let m = 131 - 83. Suppose 0 = -5*h + 8*h, 4*h + m = 3*j. Suppose 0 = -2*t + t + 40. What is the highest common divisor of j and t?
8
Suppose 0 = -4*i + 2*q + 46 + 12, 4*i = 5*q + 67. Suppose -20 + 730 = 5*t + w, 0 = -2*t - 3*w + 271. Calculate the highest common factor of t and i.
13
Let u be 1 + -1 + 0 + 4. Let v be 248/(-12) + 2/3. Let y be (-15)/v - 125/(-4). What is the greatest common factor of u and y?
4
Let k(r) = -20*r - 35. Let y be k(-5). Let d be (-26)/6*-1*6. What is the highest common factor of d and y?
13
Suppose -v = 3*c - 195, v - 3*c = -c + 210. What is the greatest common divisor of v and 12?
12
Let r = -26 + 347. Let w be (-2)/(-6) + r/9. Suppose -3*y - 3*t = -w, 3*y - 36 = 2*t + t. Calculate the highest common factor of 18 and y.
6
Suppose -5*o = -2*o - 12. Let p(l) be the second derivative of l**3/2 - 3*l**2/2 + 6*l. Let d be p(o). What is the greatest common factor of 18 and d?
9
Let h(q) = q**3 - 4*q**2 + 2. Let z be h(4). Suppose -7 = -z*w + 3. What is the highest common factor of 55 and w?
5
Let r = -187 - -285. Suppose 2*o = 10 + 18. Suppose -s + o = -0*s. Calculate the highest common divisor of r and s.
14
Let b(g) = 3*g**2 - 13*g + 12. Let w be b(8). Calculate the highest common divisor of 25 and w.
25
Suppose 45*b - 50*b = -910. What is the greatest common divisor of 26 and b?
26
Let n be 2*(-4)/16*-30. Calculate the highest common divisor of 15 and n.
15
Let t(r) = r**2 - 3*r + 3. Suppose -5*n + 8 + 7 = 0. Let b be t(n). Suppose b*a + 208 = 7*a. Calculate the highest common divisor of a and 13.
13
Let u be ((-1)/(-2))/(3/72). Let m = 20 + -1. Suppose -2*h + m = -2*n - 33, -h + 4*n + 32 = 0. What is the greatest common divisor of h and u?
12
Let o = -27 + 7. Let u be o/1*-1 - -2. Suppose -4*p + p - 5*s = -23, -15 = -p + 2*s. What is the highest common factor of p and u?
11
Let c = 16 - 5. Suppose -3*u + 7 = -125. Calculate the greatest common factor of c and u.
11
Let l(v) = -v + 4*v + 2*v**2 - 4*v**3 - 4*v. Let t be l(1). Let r(a) = -6*a**3 + a**2 - 2*a - 1. Let z be r(t). Calculate the highest common factor of z and 16.
16
Suppose -2*z = -3*j + 7*j - 76, -5*j = -z - 102. Let g be 12*(-2)/8*-10. What is the highest common factor of g and j?
10
Suppose 2*b = -4*w - 0*b + 12, -3*w - 2*b = -7. Suppose 7*h - 87 = 4*h + 3*o, -5*h - 5*o = -105. Calculate the highest common divisor of w and h.
5
Suppose -4*q + 0*q = 4*i - 8, q + 14 = 3*i. What is the highest common factor of 20 and i?
4
Suppose -g = -6*g - 35. Let w(s) = -s - 1. Let q be w(g). Let i = 68 - 2. What is the greatest common factor of q and i?
6
Suppose 3*f + 6*m - 4*m - 58 = 0, -5*m - 42 = -f. Let o = 7 + -5. What is the greatest common factor of o and f?
2
Let u(v) = 3*v + 7. Suppose -3*t - 6 = -3. Let a(h) = -7*h. Let b be a(t). Let i be u(b). What is the highest common divisor of i and 14?
14
Let k(i) = 17*i + 5. Let r be k(5). Let j be 16/(-10)*r/(-12). Suppose -d + j = 4. What is the highest common factor of d and 8?
8
Let o(g) = 2*g**2 + 3*g - 2. Let v be o(-3). What is the highest common factor of v and 35?
7
Suppose -c + 6*c = -3*k + 143, -c = k - 29. Calculate the greatest common factor of 7 and c.
7
Let v be (0 - 1/2)*-4. Let n(l) = l**3 + 3*l**2 + 3. Let i be n(-3). Calculate the highest common factor of i and v.
1
Let z be (14 + -11)*(-256)/(-6). Let i be ((-4)/(-2))/(2/16). What is the greatest common divisor of i and z?
16
Suppose 17 = -2*h - 5*j, -11 = -5*h + 4*j + 29. Suppose -2*v = -h*u + 22, -3*v - 19 - 8 = -5*u. What is the highest common factor of u and 48?
6
Suppose i - 10 = -a, 33 + 27 = 5*a + 3*i. Suppose 4*y - y = a. Calculate the greatest common factor of 35 and y.
5
Suppose 4*k + 4*h - 17 - 11 = 0, -3*k = h - 17. Suppose 3*l + 0*x - 48 = 2*x, k*l - 79 = 3*x. What is the greatest common divisor of l and 56?
14
Let k be 4/18 - (-170)/45. Let o(j) = -2*j - 2. Let s be o(-2). Calculate the highest common divisor of s and k.
2
Let p = 10 + -16. Let r be p/(2 + 1) + 23. Let z = r - 14. Calculate the greatest common factor of z and 7.
7
Let z = 4 + 6. Let k = 37 - 17. What is the highest common factor of k and z?
10
Let d = 5 + -2. Let a = -25 - -52. What is the highest common factor of d and a?
3
Suppose -i - 2 = -r + 6, 0 = -5*r - 2*i + 61. Suppose s - c = 56 - r, -s - 3*c = -33. Let w = 62 - s. What is the greatest common factor of 4 and w?
4
Suppose -2*h = 5*k - 491, 0*h - 2*h = k - 95. Calculate the highest common divisor of k and 9.
9
Let h(t) = t**3 - 21*t**2 - 22*t + 6. Let f be h(22). What is the highest common factor of f and 3?
3
Let x = -13 - -21. Suppose -2*q + x = 5*s - 4, 3*s + 4*q + 4 = 0. Calculate the highest common factor of s and 20.
4
Suppose -5*d + 5*l + 36 = -54, -5*d - 4*l = -63. Calculate the greate